18 = 0. What is the remainder when g is divided by a?
3
Suppose 153 = 5*g + f, 2*f = -f - 6. Suppose 2*n - 20 = -3*n - 4*w, 0 = -4*n + 3*w + 16. Suppose 10*j - n*j = 72. What is the remainder when g is divided by j?
7
Let n = -345 + 391. What is the remainder when 110 is divided by n?
18
Suppose 2*f - 3*r = 50, -f - r + 36 = 11. Calculate the remainder when f is divided by 24.
1
Let h = 23 + -20. Suppose -35 = -8*f + h*f. What is the remainder when f is divided by 2?
1
What is the remainder when 66 is divided by ((-140)/(-10))/(4 - 2)?
3
Suppose 277*b - 281*b = -40. Suppose -2*g - l = -13, 2 = g + l - 6. Suppose b*v = g*v + 70. What is the remainder when 52 is divided by v?
10
Let y(f) be the third derivative of -f**4/24 + 11*f**3/6 + 13*f**2. What is the remainder when y(5) is divided by 2?
0
Let n = 1108 + -782. What is the remainder when n is divided by 8?
6
Suppose 15522 = 26*j + 13*j. What is the remainder when j is divided by 25?
23
Suppose 5*p + 3*q + 24 = 0, -2*p - 2*q - 18 = -5*q. Let c = 6 - p. Calculate the remainder when (1/(-2))/(1/(-70)) is divided by c.
11
Let g = -45 + 352. Suppose 0 = -5*d - 3*l - 1234, -3*d - l - 1049 + g = 0. What is the remainder when 41 is divided by d/(-12) - 2/(-6)?
20
Suppose -2*f - 8*f - 40 = 0. Calculate the remainder when 96 is divided by (f/(-5))/((-4)/(-130)).
18
Suppose 3*t = 105 + 18. Suppose 74 = 5*u - t. What is the remainder when u is divided by (-4 + 13)*(-1 + 2)?
5
Suppose -15*s + 391 = 8*s. Calculate the remainder when 133 is divided by s.
14
Let u(s) = s**2 + 6*s + 9. Suppose r - 288 = -2*r. Calculate the remainder when r is divided by u(-8).
21
Let k = -3 + 217. Suppose -k = 3*a - 82. Let h = a + 120. What is the remainder when h is divided by 26?
24
Let q(j) = 2*j**3 - 12*j**2 + 6*j + 4. Let l(v) = v + 9. Calculate the remainder when q(6) is divided by l(0).
4
Let w(t) = -39*t - 334. Calculate the remainder when 86 is divided by w(-9).
1
Let i be (3 - 135/(-6))*-2. Let n = 110 + i. What is the remainder when n is divided by (-6)/(-63) + (710/42 - 2)?
14
Suppose -1 = 2*k - 13. Let l(u) = u. What is the remainder when 9 is divided by l(k)?
3
Suppose 20*o = 10*o + 60. What is the remainder when 8 is divided by o?
2
Let d(l) = 2*l**2. Let o be 0 + ((-32)/(-4))/4. Calculate the remainder when 2/(-7) - 219/(-7) is divided by d(o).
7
Let c = -52 - -95. Calculate the remainder when 212 is divided by c.
40
Let w = -13 - -7. Let u be w/(2/4 + -2). What is the remainder when 42 + 2 - u/(-2) is divided by 12?
10
Suppose 31*r = 4*r + 621. Calculate the remainder when r is divided by 9.
5
Let f be 3*(-2)/(-3) + 3. Suppose m = -f*h - 26, -3*h = 5*m - 0*h + 130. Let w = 45 + m. What is the remainder when w is divided by 7?
5
Let c = 63 - 60. Calculate the remainder when 243 is divided by 146/c + (-17)/(-51).
47
Suppose 2*n + 3*w - 86 + 22 = 0, -4*n + 124 = 4*w. Let s = -917 + 1031. What is the remainder when s is divided by n?
27
Suppose 4*c = -5*q + 17, 4*q - 5 = -c + 2*q. Let m(p) = p**3 + 2*p**2 - 2. Let v be m(-3). Let u = 15 + v. What is the remainder when u is divided by c?
1
Suppose 2*x = -3*x + 15. Suppose -2*d + d = -x. What is the remainder when (d + -2)*16 - 3 is divided by 8?
5
Let b(a) = -16*a - 60. What is the remainder when 204 is divided by b(-7)?
48
Let u = 8 - 4. Let c = u + 9. What is the remainder when c is divided by (140/(-30))/(2/(-3))?
6
Let c(p) = p**2 - p - 1. Let n be c(-4). Let g be (-1 + 1)/((-24)/(-8)). Suppose g = s - n + 3. Calculate the remainder when 30 is divided by s.
14
Let j = 94 - 146. Suppose 33 = i - 0*i + 5*g, -3*i - 5*g + 49 = 0. Calculate the remainder when 37 is divided by (j/i)/((-2)/4).
11
Let q(o) = 2*o + 12. Let j be (-5)/(-2) - 5/10. Let r be (11 + 1)/(3/j). Calculate the remainder when q(r) is divided by 10.
8
Let j(z) = z + 47. Calculate the remainder when j(12) is divided by 20.
19
What is the remainder when 72 is divided by -4*(2 - 3)*2/4?
0
Let i(u) = 12*u + 16 - 8*u - 5*u. What is the remainder when i(0) is divided by 6?
4
Suppose -2*d + 440 = 2*q, 4*d + 2*q - 438 = 448. What is the remainder when d is divided by 56?
55
Suppose 3*p - 15 = 6. Let h = p - 4. Suppose 2*t + 114 = 4*g, h*g + 43 = t + 129. Calculate the remainder when g is divided by 16.
13
Suppose d - w = -4*d + 85, 0 = -5*d + 4*w + 85. Suppose 0 = 21*l - d*l - 36. Calculate the remainder when 16 is divided by l.
7
Suppose -3*t - 2*t = 0. Calculate the remainder when 20 is divided by 11 + (-9 - t)/3.
4
Suppose -3*d = -6*d - 5*y + 22, 5*d + 2*y - 24 = 0. Suppose d*w + 2*m = 68, 3*w - 25 = 3*m + 2*m. Calculate the remainder when 55 is divided by w.
10
Let a be (-6)/(-2 - (-26)/12). Suppose -x = -9*x + 128. What is the remainder when x is divided by (a/10)/(4/(-10))?
7
Suppose 0*s - s - 1 = 0, -2*v + 5*s = 427. Let x be (-20)/(-6)*v/(-45). Suppose -5*p + p = -x. What is the remainder when 10 is divided by p?
2
Let u = -79 + 65. Let o = 50 + u. What is the remainder when o is divided by 30?
6
Let j(s) = s**3 + 5*s**2 + 3*s - 3. Let r = -8 - -4. Let q be j(r). Calculate the remainder when 30 is divided by 10 - (-1 + 0)/q.
8
Suppose o - 9 = 4*u - 2*u, 0 = 2*o - 2. Let w be (-6)/8 + 1/u. Calculate the remainder when 44 is divided by (36/(-60))/(w/25).
14
Suppose -1836 = 4*k - 10*k. Calculate the remainder when k is divided by 62.
58
Suppose 3*g = -4*a - 9 - 69, 0 = 2*a + g + 38. Let s = -15 - a. Suppose 31 = s*i + 5*w, 3*w - 6*w - 8 = -2*i. Calculate the remainder when i is divided by 2.
1
Suppose -20 = -o + 3*x, -o + 112 = 4*o - 3*x. Calculate the remainder when 1674 is divided by o.
18
Suppose -4 = 2*t - 4*z, -z - 2*z - 25 = -5*t. Let d(j) = -2*j - 5. Calculate the remainder when t is divided by d(-4).
2
Let a = 11 - 8. Suppose -a*o - 10 = -8*o. Suppose 4*i + 8 + 3 = 15*i. Calculate the remainder when o is divided by i.
0
Suppose 4*c + 5*c = 207. What is the remainder when c is divided by 12?
11
Let i = -80 - -73. What is the remainder when 57 is divided by 21/(-2)*i/((-21)/(-6))?
15
Calculate the remainder when ((-124)/(-6))/(16/3 - 5) is divided by 32.
30
Suppose 3*f - 14 - 7 = 0. Suppose -154 - 110 = -22*c. Calculate the remainder when c is divided by f.
5
Let a = -154 - -217. Let r = -123 + a. Calculate the remainder when 21 is divided by (-1 + 0)/(10/r).
3
Suppose 3*x + 5*a - 4*a + 18 = 0, 4*a = 0. Let q = 58 + x. Calculate the remainder when q is divided by 18.
16
What is the remainder when 271 is divided by ((-8)/(-12))/(-2) - (-397)/3?
7
Let n be (-10)/8*4/(-1). Suppose 0 = -n*l + 9*l. Suppose 5*d - 13 + 3 = l. What is the remainder when 6 is divided by d?
0
Suppose -15*k = -16*k + 2. Suppose 4*t = -8, -p - 100 = -k*p + t. Calculate the remainder when p is divided by 33.
32
Suppose -22 - 20 = -j - 4*r, j = -5*r + 45. Calculate the remainder when (-4)/j + 2730/225 is divided by 2/(-8) + 33/4.
4
Let b be (-10 + 1)*2/(-6). Suppose -y + 18 = 5*c, -b*y + 0*c + 4*c = -35. Let q(l) = l**2 - 9*l - 13. What is the remainder when q(y) is divided by 14?
11
Let y(r) = -r**3 + 7*r**2 - 3*r - 2. Let d = -11 + 8. Let a be (-5)/(-2) - d/6. Calculate the remainder when 48 is divided by y(a).
23
Let q(a) = 43*a**2 - 6*a + 1. What is the remainder when q(2) is divided by 19?
9
Let n(p) be the third derivative of p**5/60 + p**4/12 + p**3/3 - 4*p**2. Let o be n(-2). Suppose 27 = o*t - t. Calculate the remainder when t is divided by 10.
7
Suppose 0 = 135*t - 130*t - 755. Calculate the remainder when t is divided by 3.
1
Let i(x) = -2*x**3 + 63*x**2 + 34*x - 45. Calculate the remainder when 567 is divided by i(32).
16
Let k(t) = 3*t**3 + 1 + 5 + 2*t**2 - 1 - 6*t - 4*t**3. Calculate the remainder when k(-4) is divided by 8.
5
Let j(w) = w**3 - 13*w**2 + 16*w - 35. Calculate the remainder when 193 is divided by j(12).
11
Suppose 0 = 4*y - 20 + 4. Suppose y*r + 16 = 0, -v + r + 893 = -r. Calculate the remainder when v/40 + 2/(-16) is divided by 5.
2
Suppose 29*d - 28*d - 65 = 0. What is the remainder when d is divided by 22?
21
Suppose 0 = 3*b - 3108 + 2892. Calculate the remainder when 211 is divided by b.
67
Suppose -83 + 589 = 11*t. What is the remainder when 102 is divided by t?
10
Let w(q) = q**3 - 19*q**2 + 41. Calculate the remainder when 102 is divided by w(19).
20
Suppose -b = 2*b + 105. Let o =